{"id":8,"date":"2015-08-08T22:36:05","date_gmt":"2015-08-08T21:36:05","guid":{"rendered":"http:\/\/samverlen.free.fr\/fabriktachanson\/?page_id=8"},"modified":"2018-11-30T11:59:36","modified_gmt":"2018-11-30T10:59:36","slug":"fabrik-ta-chanson","status":"publish","type":"page","link":"https:\/\/fabriktachanson.samverlen.com\/index.php\/fabrik-ta-chanson\/","title":{"rendered":"Fabrik&rsquo; ta chanson"},"content":{"rendered":"<h5 style=\"text-align: center;\">Imaginez et \u00e9crire le texte d&rsquo;une chanson, la chanter\/slamer\/rapper, l&rsquo;enregistrer et illustrer la pochette de son CD.<\/h5>\n<h5 style=\"text-align: center;\">Chaque participant repartira avec son CD personnalis\u00e9.<\/h5>\n<p>&nbsp;<\/p>\n<p><b><i>Tranche d&rsquo;\u00e2ge :<\/i><\/b>\u00a0de 8 \u00e0 108 ans<br \/>\n<b><i>Dur\u00e9e :<\/i><\/b>\u00a0une journ\u00e9e<br \/>\n<b><i>Conditions :<\/i><\/b>\u00a0n\u00e9cessite deux intervenants, l\u2019auteur et le compositeur et deux salles (la salle de classe avec l\u2019auteur et par exemple la salle de motricit\u00e9 avec le compositeur).\u00a0Les deux intervenants peuvent aussi intervenir s\u00e9par\u00e9ment (texte, musique, enregistrement) et\/ou sur 1\/2 journ\u00e9e (au lieu d&rsquo;une journ\u00e9e compl\u00e8te) pour cr\u00e9er un hymne au lieu d&rsquo;une chanson compl\u00e8te.<br \/>\n<b><i>Travail pr\u00e9alable :<\/i><\/b>\u00a0D\u00e9finir le th\u00e8me de la chanson, travailler sur le champ lexical associ\u00e9 en amont avec les enfants, s\u2019entrainer \u00e0 cr\u00e9er des rimes. D\u00e9finir deux groupes d\u2019\u00e9l\u00e8ves d\u2019environ le m\u00eame nombre (si double-niveau, m\u00e9langer les niveaux).<br \/>\n<b><i>Mat\u00e9riel \u00e0 fournir :<\/i><\/b>\u00a0Feuille 180 gr (une par \u00e9l\u00e8ve), colle, ciseau, crayons, feutres, ordinateur\/imprimante (pour imprimer les textes), \u00a0CD vierges.<\/p>\n<p style=\"text-align: center;\">Voici quelques exemples de chansons cr\u00e9\u00e9es lors de l&rsquo;atelier \u00ab\u00a0Fabrik ta chanson\u00a0\u00bb:<\/p>\n<p style=\"text-align: center;\"><iframe width=\"100%\" height=\"300\" scrolling=\"no\" frameborder=\"no\" src=\"https:\/\/w.soundcloud.com\/player?url=https%3A%2F%2Fapi.soundcloud.com%2Fplaylists%2F29830915&visual=true&auto_play=false&hide_related=false\"><\/iframe>\n<p style=\"text-align: center;\">Quelques pochettes r\u00e9alis\u00e9es lors d&rsquo;un des ateliers :<\/p>\n<p style=\"text-align: center;\"><img loading=\"lazy\" class=\"alignnone size-full wp-image-196\" src=\"http:\/\/fabriktachanson.samverlen.com\/wp-content\/uploads\/2017\/07\/IMG_4906.jpg\" alt=\"\" width=\"349\" height=\"197\" srcset=\"https:\/\/fabriktachanson.samverlen.com\/wp-content\/uploads\/2017\/07\/IMG_4906.jpg 349w, https:\/\/fabriktachanson.samverlen.com\/wp-content\/uploads\/2017\/07\/IMG_4906-300x169.jpg 300w\" sizes=\"(max-width: 349px) 100vw, 349px\" \/><\/p>\n<p style=\"text-align: center;\">Les chansons cr\u00e9\u00e9es lors de cet atelier peuvent ensuite \u00eatre la graine pour la r\u00e9alisation d&rsquo;autres projets: spectacle,\u00a0 chor\u00e9graphie\/danse, clip vid\u00e9o, arts plastiques, etc&#8230;<\/p>\n<p style=\"text-align: center;\">Voici d&rsquo;ailleurs quelques clips r\u00e9alis\u00e9s sur des chansons cr\u00e9\u00e9es lors de l&rsquo;atelier \u00ab\u00a0Fabrik ta chanson\u00a0\u00bb:<\/p>\n<p style=\"text-align: center;\"><iframe src=\"https:\/\/www.youtube.com\/embed\/eq0fFTBeA5I\" width=\"420\" height=\"315\" frameborder=\"0\" allowfullscreen=\"allowfullscreen\" data-mce-fragment=\"1\"><\/iframe><\/p>\n<p style=\"text-align: center;\"><iframe src=\"https:\/\/www.youtube.com\/embed\/sWxTWxEtV4Y\" width=\"420\" height=\"315\" frameborder=\"0\" allowfullscreen=\"allowfullscreen\" data-mce-fragment=\"1\"><\/iframe><\/p>\n<p style=\"text-align: center;\"><iframe src=\"https:\/\/www.youtube.com\/embed\/5NIJMN5AS1g\" width=\"420\" height=\"315\" frameborder=\"0\" allowfullscreen=\"allowfullscreen\" data-mce-fragment=\"1\"><\/iframe><\/p>\n<p style=\"text-align: center;\">Et une interview r\u00e9alis\u00e9e par une classe de Seconde suite \u00e0 l&rsquo;atelier<\/p>\n<p style=\"text-align: center;\"><iframe src=\"https:\/\/www.youtube.com\/embed\/brrsQKv_R2A\" width=\"420\" height=\"315\" frameborder=\"0\" allowfullscreen=\"allowfullscreen\" data-mce-fragment=\"1\"><\/iframe><\/p>\n<p>&nbsp;<\/p>\n<p><img loading=\"lazy\" class=\"size-full wp-image-185 aligncenter\" src=\"http:\/\/fabriktachanson.samverlen.com\/wp-content\/uploads\/2015\/08\/AtelierValDeNievre1.png\" alt=\"\" width=\"1000\" height=\"707\" srcset=\"https:\/\/fabriktachanson.samverlen.com\/wp-content\/uploads\/2015\/08\/AtelierValDeNievre1.png 1000w, https:\/\/fabriktachanson.samverlen.com\/wp-content\/uploads\/2015\/08\/AtelierValDeNievre1-300x212.png 300w, https:\/\/fabriktachanson.samverlen.com\/wp-content\/uploads\/2015\/08\/AtelierValDeNievre1-768x543.png 768w\" sizes=\"(max-width: 1000px) 100vw, 1000px\" \/><\/p>\n<h2><\/h2>\n<p>&nbsp;<\/p>\n<div class=\"wp-socializer wpsr-share-icons \" data-lg-action=\"show\" data-sm-action=\"show\" data-sm-width=\"768\" ><h3>Share and Enjoy !<\/h3><div class=\"wpsr-si-inner\"><div class=\"wpsr-counter wpsrc-sz-32px\" style=\"color:#000\"><span class=\"scount\"><span data-wpsrs=\"\" data-wpsrs-svcs=\"facebook,twitter,linkedin,pinterest,print,pdf\">0<\/span><\/span><small class=\"stext\">Shares<\/small><\/div><div class=\"socializer sr-popup sr-32px sr-circle sr-opacity sr-pad sr-count-1 sr-count-1\"><span class=\"sr-facebook\"><a rel=\"nofollow\" href=\"https:\/\/www.facebook.com\/share.php?u=\" target=\"_blank\"  title=\"Share this on Facebook\"  style=\"color: #ffffff\" ><i class=\"fab fa-facebook-f\"><\/i><span class=\"ctext\"><span data-wpsrs=\"\" data-wpsrs-svcs=\"facebook\">0<\/span><\/span><\/a><\/span>\n<span class=\"sr-twitter\"><a rel=\"nofollow\" href=\"https:\/\/twitter.com\/intent\/tweet?text=%20-%20%20\" target=\"_blank\"  title=\"Tweet this !\"  style=\"color: #ffffff\" ><i class=\"fab fa-twitter\"><\/i><\/a><\/span>\n<span class=\"sr-linkedin\"><a rel=\"nofollow\" href=\"https:\/\/www.linkedin.com\/sharing\/share-offsite\/?url=\" target=\"_blank\"  title=\"Add this to LinkedIn\"  style=\"color: #ffffff\" ><i class=\"fab fa-linkedin-in\"><\/i><\/a><\/span>\n<span class=\"sr-pinterest\"><a rel=\"nofollow\" href=\"https:\/\/www.pinterest.com\/pin\/create\/button\/?url=&amp;media=&amp;description=\" target=\"_blank\"  title=\"Submit this to Pinterest\"  style=\"color: #ffffff\" data-pin-custom=\"true\"><i class=\"fab fa-pinterest\"><\/i><span class=\"ctext\"><span data-wpsrs=\"\" data-wpsrs-svcs=\"pinterest\">0<\/span><\/span><\/a><\/span>\n<span class=\"sr-print\"><a rel=\"nofollow\" href=\"https:\/\/www.printfriendly.com\/print?url=\" target=\"_blank\"  title=\"Print this article \"  style=\"color: #ffffff\" ><i class=\"fa fa-print\"><\/i><\/a><\/span>\n<span class=\"sr-pdf\"><a rel=\"nofollow\" href=\"https:\/\/www.printfriendly.com\/print?url=\" target=\"_blank\"  title=\"Convert to PDF\"  style=\"color: #ffffff\" ><i class=\"fa fa-file-pdf\"><\/i><\/a><\/span><\/div><\/div><\/div>","protected":false},"excerpt":{"rendered":"<p>Imaginez et \u00e9crire le texte d&rsquo;une chanson, la chanter\/slamer\/rapper, l&rsquo;enregistrer et illustrer la pochette de son CD. Chaque participant repartira avec son CD personnalis\u00e9. &nbsp; Tranche d&rsquo;\u00e2ge :\u00a0de 8 \u00e0 [&hellip;]<\/p>\n","protected":false},"author":1,"featured_media":0,"parent":0,"menu_order":0,"comment_status":"open","ping_status":"open","template":"page-fullwidth.php","meta":[],"yoast_head":"<!-- This site is optimized with the Yoast SEO plugin v15.2 - https:\/\/yoast.com\/wordpress\/plugins\/seo\/ -->\n<title>Fabrik&#039; ta chanson - Fabrik ta chanson<\/title>\n<meta name=\"robots\" content=\"index, follow, max-snippet:-1, max-image-preview:large, max-video-preview:-1\" \/>\n<link rel=\"canonical\" href=\"https:\/\/fabriktachanson.samverlen.com\/index.php\/fabrik-ta-chanson\/\" \/>\n<meta property=\"og:locale\" content=\"fr_FR\" \/>\n<meta property=\"og:type\" content=\"article\" \/>\n<meta property=\"og:title\" content=\"Fabrik&#039; ta chanson - Fabrik ta chanson\" \/>\n<meta property=\"og:description\" content=\"Imaginez et \u00e9crire le texte d&rsquo;une chanson, la chanter\/slamer\/rapper, l&rsquo;enregistrer et illustrer la pochette de son CD. Chaque participant repartira avec son CD personnalis\u00e9. &nbsp; Tranche d&rsquo;\u00e2ge :\u00a0de 8 \u00e0 [&hellip;]\" \/>\n<meta property=\"og:url\" content=\"https:\/\/fabriktachanson.samverlen.com\/index.php\/fabrik-ta-chanson\/\" \/>\n<meta property=\"og:site_name\" content=\"Fabrik ta chanson\" \/>\n<meta property=\"article:modified_time\" content=\"2018-11-30T10:59:36+00:00\" \/>\n<meta property=\"og:image\" content=\"http:\/\/fabriktachanson.samverlen.com\/wp-content\/uploads\/2017\/07\/IMG_4906.jpg\" \/>\n<meta name=\"twitter:card\" content=\"summary\" \/>\n<meta name=\"twitter:label1\" value=\"\u00c9crit par\">\n\t<meta name=\"twitter:data1\" value=\"ftc\">\n\t<meta name=\"twitter:label2\" value=\"Dur\u00e9e de lecture est.\">\n\t<meta name=\"twitter:data2\" value=\"1 minute\">\n<script type=\"application\/ld+json\" class=\"yoast-schema-graph\">{\"@context\":\"https:\/\/schema.org\",\"@graph\":[{\"@type\":\"WebSite\",\"@id\":\"https:\/\/fabriktachanson.samverlen.com\/#website\",\"url\":\"https:\/\/fabriktachanson.samverlen.com\/\",\"name\":\"Fabrik ta chanson\",\"description\":\"Atelier de cr\\u00e9ation et enregistrement de chanson en une journ\\u00e9e !\",\"potentialAction\":[{\"@type\":\"SearchAction\",\"target\":\"https:\/\/fabriktachanson.samverlen.com\/?s={search_term_string}\",\"query-input\":\"required name=search_term_string\"}],\"inLanguage\":\"fr-FR\"},{\"@type\":\"ImageObject\",\"@id\":\"https:\/\/fabriktachanson.samverlen.com\/index.php\/fabrik-ta-chanson\/#primaryimage\",\"inLanguage\":\"fr-FR\",\"url\":\"http:\/\/fabriktachanson.samverlen.com\/wp-content\/uploads\/2017\/07\/IMG_4906.jpg\"},{\"@type\":\"WebPage\",\"@id\":\"https:\/\/fabriktachanson.samverlen.com\/index.php\/fabrik-ta-chanson\/#webpage\",\"url\":\"https:\/\/fabriktachanson.samverlen.com\/index.php\/fabrik-ta-chanson\/\",\"name\":\"Fabrik' ta chanson - Fabrik ta chanson\",\"isPartOf\":{\"@id\":\"https:\/\/fabriktachanson.samverlen.com\/#website\"},\"primaryImageOfPage\":{\"@id\":\"https:\/\/fabriktachanson.samverlen.com\/index.php\/fabrik-ta-chanson\/#primaryimage\"},\"datePublished\":\"2015-08-08T21:36:05+00:00\",\"dateModified\":\"2018-11-30T10:59:36+00:00\",\"inLanguage\":\"fr-FR\",\"potentialAction\":[{\"@type\":\"ReadAction\",\"target\":[\"https:\/\/fabriktachanson.samverlen.com\/index.php\/fabrik-ta-chanson\/\"]}]}]}<\/script>\n<!-- \/ Yoast SEO plugin. -->","_links":{"self":[{"href":"https:\/\/fabriktachanson.samverlen.com\/index.php\/wp-json\/wp\/v2\/pages\/8"}],"collection":[{"href":"https:\/\/fabriktachanson.samverlen.com\/index.php\/wp-json\/wp\/v2\/pages"}],"about":[{"href":"https:\/\/fabriktachanson.samverlen.com\/index.php\/wp-json\/wp\/v2\/types\/page"}],"author":[{"embeddable":true,"href":"https:\/\/fabriktachanson.samverlen.com\/index.php\/wp-json\/wp\/v2\/users\/1"}],"replies":[{"embeddable":true,"href":"https:\/\/fabriktachanson.samverlen.com\/index.php\/wp-json\/wp\/v2\/comments?post=8"}],"version-history":[{"count":20,"href":"https:\/\/fabriktachanson.samverlen.com\/index.php\/wp-json\/wp\/v2\/pages\/8\/revisions"}],"predecessor-version":[{"id":326,"href":"https:\/\/fabriktachanson.samverlen.com\/index.php\/wp-json\/wp\/v2\/pages\/8\/revisions\/326"}],"wp:attachment":[{"href":"https:\/\/fabriktachanson.samverlen.com\/index.php\/wp-json\/wp\/v2\/media?parent=8"}],"curies":[{"name":"wp","href":"https:\/\/api.w.org\/{rel}","templated":true}]}}